st common divisor of 54 and 144222.
6
What is the highest common factor of 23523 and 15?
3
Calculate the highest common factor of 108152 and 440.
88
Calculate the highest common factor of 103815 and 225.
45
Calculate the highest common factor of 872490 and 635.
635
What is the greatest common factor of 66385 and 1065?
355
Calculate the greatest common factor of 2388 and 9084.
12
Calculate the highest common factor of 1318 and 2128570.
1318
Calculate the greatest common factor of 17546 and 1643.
31
Calculate the highest common factor of 8006106 and 114.
114
What is the greatest common factor of 507 and 388362?
507
Calculate the greatest common factor of 913950 and 54.
54
Calculate the highest common divisor of 329923 and 1348.
337
What is the greatest common divisor of 3816 and 2448?
72
Calculate the highest common factor of 266 and 28154.
14
Calculate the highest common factor of 46868 and 128.
4
What is the greatest common factor of 51 and 429981?
51
What is the highest common factor of 2367 and 6575?
263
What is the highest common divisor of 2 and 2053?
1
What is the highest common factor of 4315230 and 20?
10
What is the highest common divisor of 109115 and 80?
5
What is the greatest common divisor of 1520110 and 10?
10
What is the greatest common divisor of 440 and 21640?
40
Calculate the greatest common divisor of 639530 and 8370.
310
Calculate the highest common factor of 64817 and 1.
1
Calculate the highest common factor of 697 and 170437.
41
What is the highest common divisor of 36 and 6293436?
12
Calculate the greatest common divisor of 118627 and 313.
313
Calculate the highest common divisor of 17650 and 32.
2
Calculate the greatest common factor of 4991 and 63.
7
Calculate the highest common factor of 32436 and 6784.
212
What is the highest common factor of 111854 and 2?
2
What is the highest common divisor of 69576 and 34008?
312
Calculate the highest common factor of 121 and 5918.
11
What is the greatest common factor of 101804 and 62?
62
Calculate the highest common divisor of 57225 and 735.
105
What is the highest common factor of 150842 and 199?
199
What is the greatest common divisor of 3368 and 88?
8
What is the highest common factor of 80 and 18340?
20
Calculate the greatest common divisor of 51 and 69819.
51
Calculate the greatest common divisor of 165 and 211959.
33
What is the greatest common factor of 7490 and 1730?
10
What is the highest common factor of 3456 and 39936?
384
What is the highest common divisor of 9054 and 234?
18
What is the greatest common factor of 12 and 10485900?
12
What is the greatest common factor of 124768 and 7?
7
Calculate the greatest common factor of 33970 and 4945.
215
What is the highest common factor of 123 and 876867?
123
What is the highest common factor of 13599067 and 5158?
2579
Calculate the greatest common divisor of 3264 and 8256.
192
What is the highest common factor of 65041 and 386?
193
Calculate the highest common factor of 511671 and 12.
3
Calculate the greatest common factor of 14368 and 140986.
898
What is the highest common divisor of 477 and 695943?
477
What is the greatest common factor of 28 and 107093?
7
Calculate the highest common divisor of 228 and 1279428.
12
What is the highest common divisor of 83851 and 1775?
71
Calculate the greatest common factor of 2368 and 180930.
74
Calculate the highest common divisor of 146322 and 1452.
66
What is the greatest common factor of 1162 and 996?
166
What is the greatest common divisor of 153912 and 66?
66
Calculate the greatest common factor of 468 and 3386916.
468
Calculate the greatest common divisor of 2919091 and 7.
7
Calculate the greatest common divisor of 655898 and 496.
62
What is the highest common divisor of 72 and 112392?
72
What is the highest common factor of 5962 and 66?
22
Calculate the highest common divisor of 20 and 4638260.
20
Calculate the greatest common factor of 23562 and 5313.
231
What is the highest common divisor of 913702 and 9220?
922
What is the highest common factor of 99 and 118239?
33
Calculate the greatest common divisor of 7005 and 195.
15
What is the greatest common divisor of 21403 and 408?
17
What is the highest common factor of 10422 and 675?
27
Calculate the highest common divisor of 32960 and 60.
20
What is the greatest common factor of 12 and 237234?
6
Calculate the highest common divisor of 1890 and 385490.
70
Calculate the highest common divisor of 2069 and 2.
1
What is the greatest common factor of 867 and 86547?
51
Calculate the greatest common divisor of 779 and 164.
41
What is the greatest common divisor of 376 and 22748?
188
Calculate the highest common factor of 90 and 745083.
9
Calculate the greatest common factor of 24710 and 2870.
70
What is the greatest common factor of 505077 and 57?
57
What is the greatest common divisor of 33421 and 297271?
1759
What is the highest common factor of 6252 and 1057630?
1042
What is the greatest common factor of 3360 and 269760?
480
Calculate the greatest common factor of 167841 and 153.
153
Calculate the greatest common factor of 2436 and 87348.
348
Calculate the greatest common factor of 1584 and 30228.
132
What is the highest common divisor of 21330 and 46710?
270
What is the greatest common factor of 13284 and 351?
27
Calculate the greatest common factor of 18162 and 288.
18
Calculate the highest common divisor of 5207 and 451.
41
What is the greatest common factor of 4120 and 170?
10
What is the highest common factor of 2193 and 12083?
43
What is the greatest common factor of 9459591 and 921?
921
Calculate the highest common divisor of 9045 and 1815.
15
What is the highest common divisor of 4876515 and 959?
959
Calculate the greatest common divisor of 3544 and 6399578.
886
What is the highest common divisor of 3 and 60912?
3
What is the highest common factor of 16268 and 12616?
332
What is the highest common factor of 108555 and 405?
15
Calculate the greatest common divisor of 33648 and 384.
48
What is the greatest common divisor of 19992 and 502936?
392
Calculate the highest common factor of 2072385 and 85.
85
What is the highest common factor of 58017 and 57768?
249
Calculate the highest common factor of 4162107 and 1005.
201
What is the highest common factor of 1080 and 216?
216
What is the highest common factor of 684 and 9120?
228
What is the greatest common factor of 18 and 24372?
18
Calculate the highest common divisor of 297 and 125367.
33
Calculate the greatest common factor of 84 and 207186.
42
Calculate the highest common divisor of 73248 and 32.
32
What is the greatest common divisor of 1332 and 7306353?
333
What is the highest common factor of 17 and 9843?
17
What is the greatest common factor of 19795 and 4255?
185
What is the greatest common factor of 361667 and 397?
397
Calculate the greatest common divisor of 574728 and 198.
66
Calculate the highest common divisor of 518 and 6734.
518
Calculate the highest common factor of 411 and 66719.
137
Calculate the greatest common factor of 17071 and 5203.
43
Calculate the highest common divisor of 76 and 11305.
19
What is the greatest common divisor of 27 and 1018998?
9
What is the greatest common factor of 185604 and 24?
12
What is the greatest common factor of 2400 and 504700?
100
What is the highest common factor of 484959 and 444?
111
What is the greatest common factor of 49 and 761?
1
What is the greatest common divisor of 312 and 62595?
39
What is the greatest common divisor of 4228 and 2072?
28
What is the highest common factor of 32 and 630688?
32
What is the highest common factor of 28 and 3980?
4
What is the highest common divisor of 498 and 312?
6
What is the highest common divisor of 268687 and 139?
139
Calculate the highest common divisor of 408 and 454920.
408
Calculate the highest common factor of 265 and 100435.
265
Calculate the highest common divisor of 139065 and 30.
15
Calculate the highest common factor of 5397 and 471852.
771
What is the greatest common divisor of 91780 and 260?
260
Calculate the greatest common factor of 4340025 and 45.
45
What is the greatest common factor of 1056 and 74096?
176
What is the greatest common divisor of 731 and 164991?
43
What is the greatest common factor of 483 and 1995?
21
What is the highest common factor of 376 and 429